pose -5*i = d - k, -4*i - 424 = -2*d - 38. Calculate the greatest common divisor of d and 21.
21
Let n be (7/7)/((-2)/(-14)). Let v(u) = -u**3 + 8*u**2 - 5*u - 13. Let h be v(n). Let c be 44/8 + h/2. Calculate the greatest common divisor of 30 and c.
6
Suppose -5*g + 3 = -2*g, -f + 4*g = -30. Suppose s - 49 = 2*q - 4*q, -2*q + f = -4*s. What is the highest common divisor of 23 and q?
23
Suppose -3*w + 78 = -d + 31, -4*d - 90 = -5*w. Suppose 4*h - 94 - 46 = 0. Calculate the greatest common factor of h and w.
7
Let t be 15/12 + ((-30)/8)/(-5). Suppose 0 = -2*f - 2*r - t, 6 = 2*r + 16. Calculate the greatest common factor of f and 4.
4
Suppose 5*p - 3*p = 24. Let h(s) = s**3 + 9*s**2 + 7*s - 5. Let v be h(-8). Suppose -8*i = -v*i - 15. Calculate the greatest common factor of i and p.
3
Let o(k) = -k**3 + 15*k**2 - 48*k + 25. Let h be o(10). Calculate the highest common factor of 15 and h.
15
Let z be (-99)/(-6)*((-40)/24 - -7). Let r be 10/(7/(-5) - -1). Let u = -14 - r. What is the highest common divisor of u and z?
11
Let v = 405 + -281. What is the highest common divisor of 186 and v?
62
Suppose -2*h - 81 - 191 = 0. Let u = h + 196. Calculate the greatest common divisor of 15 and u.
15
Let m = 1423 - 1417. Let f be (130/8)/((-2)/(-8)). Suppose -f = -m*s + 67. Calculate the highest common divisor of 198 and s.
22
Let u = -28 - -15. Let q = -2 - u. Let b = 25 + q. What is the highest common divisor of b and 9?
9
Let w = 66 + -64. Let u be 16 + (w/1)/(-2). Calculate the highest common divisor of 30 and u.
15
Let t be (-21 - -2)/(-6 + 5). Suppose 4*l - 5*d = -2 + 3, -4*l - d = -t. Suppose 0 = -l*x - 53 + 137. What is the greatest common factor of 147 and x?
21
Let j = 3 + -7. Let p be 2 + 0 + j + 9. Let r = 241 + -240. What is the highest common divisor of p and r?
1
Suppose -12*r + 3819 + 2337 = 0. Calculate the highest common divisor of r and 114.
57
Let h(r) = 5*r**2 - 86*r - 35. Let v be h(19). Calculate the greatest common divisor of 51 and v.
17
Let r = 428 + -316. Let b(w) = 3*w**3 - 2*w**2 + 2. Let x be b(-2). Let y be -1 + 2*x/(-4). Calculate the highest common factor of y and r.
14
Let q(k) = -2*k + 15. Let i be q(6). Suppose 0 = -5*v + i*v. Suppose v = 4*b + f - 10, 5*b = -2*f + 4 + 7. Calculate the greatest common divisor of b and 12.
3
Let i = -274 + 290. What is the greatest common factor of i and 600?
8
Suppose 7*x + 31 - 136 = 0. Suppose -7*j = -4*j - 9. Let v be (j - 2) + -1 + 75. Calculate the highest common divisor of x and v.
15
Let u be (-39)/(-7) + (-4)/7. Let y be u*((-21)/(-5) - 3). Calculate the greatest common divisor of 42 and y.
6
Suppose 1 = v - 2. Suppose 3*d - 12*n = -15*n + 21, 3*n = -4*d + 23. Suppose d*c - 495 = -v*c. What is the highest common divisor of c and 11?
11
Suppose -14*k + 11817 + 20299 = 0. Calculate the highest common divisor of k and 62.
62
Let s be 5 - 25/5 - (-59 - -11). What is the greatest common divisor of s and 138?
6
Let z be (-12)/(1*(-3)/22). Suppose 0*i + 2*h + 82 = 4*i, -3*i + h = -59. Let k = i - 7. What is the highest common factor of k and z?
11
Suppose -5*z + z + 32 = 4*g, -g = 3*z - 18. Suppose 5*u + g = 2*u, -2*u - 6 = -2*l. Calculate the greatest common factor of l and 6.
2
Let v(c) be the second derivative of 5*c**4/12 - 5*c**3/6 + 5*c**2/2 - 6*c. Let y be v(5). Let i be 83/2 + 5/10. What is the greatest common divisor of y and i?
21
Let y(u) = -2*u + 23. Let i be y(14). Let j be i/((-50)/8) - 864/(-20). Calculate the greatest common divisor of 8 and j.
4
Suppose 59 = 4*g - 2*q - 9, -5*g + 82 = -4*q. Let t be 39 + -18 - (-1 - -4). Calculate the greatest common factor of t and g.
18
Let t = 46 - 26. Let s = -12 + t. Let a = -13 + 15. What is the greatest common factor of s and a?
2
Suppose 0 = 111*w - 1670 - 2881. Suppose -4*u = 3*d - 173, 0*u + 2*u + 2*d = 88. Calculate the greatest common factor of w and u.
41
Let a be 7 + 183 + 3/6*-10. Suppose -3*b = -2*o + 59, -123 = -4*o + 5*b - 0*b. Calculate the greatest common factor of a and o.
37
Suppose -5*k - 14118 = 2*x - 40998, -4*x = 0. Calculate the greatest common factor of k and 48.
48
Let n = 183 + -173. What is the highest common divisor of 70 and n?
10
Suppose 6 = -2*n + 72. Let y = -12 + n. Let t be y - (1 - 0) - -1. Calculate the highest common factor of 21 and t.
21
Suppose -418 + 55 = -3*d. Let w = d + -61. What is the highest common divisor of 75 and w?
15
Let g = 270 - 182. What is the greatest common factor of g and 110?
22
Suppose 2*i = -3*i + 120. Let p be (-3)/(-2)*464/i. What is the highest common factor of p and 261?
29
Let t = -85 + 167. Let q = t - 72. Calculate the highest common factor of q and 30.
10
Let f be (-4)/(-2) - (-5)/((-25)/(-10)). Suppose 0*z = -f*z - 5*n + 73, 47 = 2*z - n. What is the greatest common factor of z and 88?
22
Suppose 0 = x + 2*g - 160, 6 = 6*g - 4*g. What is the greatest common divisor of 28 and x?
14
Suppose 24 = 4*l - 2*i - 2*i, 3*l = -i + 6. Let k be 42/(1 - l/5). Let t = k - 57. Calculate the greatest common factor of 6 and t.
6
Let a = 345 - 322. Suppose -5*d + 0*z = z + 440, z - 169 = 2*d. Let x = d - -317. Calculate the highest common factor of x and a.
23
Let t = 567 - 516. What is the highest common divisor of t and 221?
17
Let h be -7*((-139)/7 + 1). Suppose -4*m - 8*c = -7*c - 87, 3*m = 3*c + 69. What is the highest common divisor of m and h?
22
Let p(y) = y**2 - 3*y + 1. Let i be p(-3). Suppose 3 = h - i. Suppose -4*u - 66 = -5*u. What is the greatest common factor of u and h?
22
Let j(c) = 3*c**2 - 8*c + 7. Let l be j(5). Calculate the highest common divisor of l and 105.
21
Let q(j) = -j**3 + 12*j**2 - 11*j + 3. Let n be q(11). Let i = n - 12. Let r = i + 25. What is the greatest common factor of 48 and r?
16
Suppose -f - 113 = -4*f + 5*k, -5*f = 4*k - 176. Calculate the greatest common divisor of f and 27.
9
Suppose -3075 = -7*a - 555. Suppose 0 = -3*x - x + a. Suppose 4*b - 193 + 49 = 0. What is the greatest common factor of b and x?
18
Let c(n) be the first derivative of -2*n**2 - 10*n + 15. Let t be c(-5). Calculate the greatest common factor of t and 10.
10
Suppose 4 = -z - 3*i - 0, -3*z = i - 20. What is the greatest common factor of 464 and z?
8
Suppose -4*q + 252 = 4*l - 7*q, l = 5*q + 80. Suppose 3*v - 15 = 2*v. What is the greatest common factor of l and v?
15
Suppose c + 45 = 5*g, -c + 4*g = 54 - 14. Let w = 35 + c. Let z be 27/w + (-2)/(-10). Calculate the greatest common divisor of z and 14.
2
Let b(o) = -129*o - 444. Let q be b(-6). Let g be (6/5)/(3/75). What is the highest common factor of q and g?
30
Let y be (11/(-11))/(2/6). Let x be 7/(((-6)/2)/y). What is the highest common factor of 49 and x?
7
Let l be 15 - 1*(7 - 3). Let a be (2 + (-34)/6)*-6. What is the highest common factor of l and a?
11
Suppose 0 = -8*i - 120. Let y be 2/6 + (-40)/36*i. Calculate the greatest common divisor of y and 153.
17
Let i = -2 - -16. Suppose -94*k = -95*k + 98. Calculate the greatest common divisor of i and k.
14
Let s(z) = z**2 - 6*z + 6. Let c be s(9). Suppose c = 5*o + 4*n, -3*o - 4*n + 24 = o. Let k = o + -3. Calculate the highest common divisor of k and 6.
6
Let z = 1477 + -996. Calculate the highest common divisor of z and 39.
13
Let b = 10 - -22. Suppose 8 = j + 2. Suppose -j*v + 5*v = -80. What is the greatest common divisor of v and b?
16
Suppose 18*f = 4*f + 700. Let s = 29 - 9. Suppose -s = -x + 5*a, -x - 4*a + 0 + 2 = 0. What is the greatest common divisor of f and x?
10
Let o = 615 + -531. Calculate the highest common divisor of o and 1134.
42
Suppose -30 = -5*l + 4*l. Suppose 4*k = 2*k + 40. What is the greatest common divisor of l and k?
10
Let i(v) = -31*v - 5. Let s be i(-5). Let a = 2105 - 2090. What is the greatest common factor of a and s?
15
Suppose -72*o + 2*g - 164 = -74*o, 3*o - 249 = -2*g. Calculate the highest common divisor of o and 1105.
85
Let m be 7/4*(4/2 + 18). Let z = 42 - m. Calculate the greatest common factor of 21 and z.
7
Let k be 4866/(-45)*-1 + 12/(-90). What is the highest common factor of 297 and k?
27
Let q(y) = y**2 + 19*y - 27. Let m be q(-22). Suppose 0 = 2*a - 29 - m. Calculate the greatest common factor of a and 85.
17
Let l(k) = -7*k - 91. Suppose -f + 67 = -4*q, 3*q + 2*f + 10 = -32. Let z be l(q). Calculate the gr